f 927 and 45?
9
Calculate the highest common factor of 236 and 4.
4
Calculate the greatest common factor of 188 and 152.
4
What is the highest common factor of 297 and 253?
11
Calculate the greatest common divisor of 786 and 6.
6
What is the greatest common divisor of 512 and 320?
64
What is the greatest common divisor of 12 and 3252?
12
What is the greatest common factor of 341 and 44?
11
What is the greatest common divisor of 315 and 70?
35
What is the greatest common factor of 459 and 135?
27
Calculate the highest common divisor of 1620 and 20.
20
Calculate the greatest common divisor of 471 and 157.
157
What is the highest common factor of 243 and 63?
9
Calculate the highest common factor of 40 and 560.
40
Calculate the highest common divisor of 96 and 3144.
24
Calculate the highest common divisor of 927 and 103.
103
Calculate the greatest common divisor of 50 and 900.
50
Calculate the greatest common divisor of 7716 and 12.
12
What is the highest common divisor of 927 and 72?
9
What is the highest common divisor of 175 and 25?
25
What is the highest common divisor of 928 and 58?
58
What is the greatest common factor of 50 and 90?
10
What is the greatest common divisor of 38 and 2736?
38
Calculate the highest common factor of 108 and 1176.
12
Calculate the greatest common divisor of 112 and 1456.
112
Calculate the greatest common divisor of 46314 and 18.
18
Calculate the highest common factor of 175 and 20.
5
What is the greatest common divisor of 22 and 16?
2
Calculate the highest common divisor of 322 and 126.
14
Calculate the highest common divisor of 130470 and 30.
30
Calculate the greatest common factor of 325 and 260.
65
Calculate the greatest common divisor of 17 and 85.
17
Calculate the highest common factor of 244 and 17019.
61
Calculate the greatest common divisor of 55 and 1947.
11
What is the greatest common factor of 210 and 16030?
70
What is the greatest common divisor of 250 and 190?
10
What is the highest common divisor of 644 and 14?
14
What is the highest common factor of 403 and 62?
31
What is the greatest common factor of 87 and 5307?
87
What is the greatest common factor of 48 and 112?
16
What is the highest common factor of 4039 and 35?
7
Calculate the highest common factor of 2214 and 378.
54
Calculate the greatest common factor of 117 and 18.
9
What is the greatest common divisor of 10 and 14930?
10
Calculate the greatest common divisor of 225 and 45.
45
What is the highest common factor of 324 and 6444?
36
Calculate the greatest common divisor of 671 and 209.
11
What is the greatest common divisor of 495 and 55?
55
What is the greatest common factor of 49 and 3059?
7
What is the greatest common divisor of 33 and 12?
3
What is the greatest common factor of 19 and 2?
1
What is the greatest common divisor of 126 and 147?
21
Calculate the greatest common divisor of 188 and 36.
4
What is the highest common divisor of 52 and 156?
52
Calculate the greatest common divisor of 30 and 6.
6
What is the greatest common divisor of 2828 and 14?
14
What is the greatest common factor of 42 and 6?
6
Calculate the highest common divisor of 1296 and 16.
16
What is the highest common factor of 108 and 44?
4
Calculate the greatest common factor of 3 and 8637.
3
Calculate the highest common factor of 392 and 343.
49
What is the highest common divisor of 4575 and 1281?
183
Calculate the highest common factor of 6836 and 12.
4
What is the greatest common divisor of 4550 and 130?
130
What is the greatest common factor of 6036 and 72?
12
What is the highest common divisor of 34738 and 22?
22
Calculate the greatest common divisor of 720 and 18240.
240
What is the greatest common divisor of 133 and 38?
19
What is the greatest common divisor of 225 and 90?
45
Calculate the highest common divisor of 44 and 2827.
11
What is the highest common factor of 242 and 2?
2
Calculate the greatest common factor of 210 and 126.
42
What is the greatest common factor of 345 and 60?
15
What is the highest common factor of 469 and 35?
7
What is the highest common factor of 24 and 8?
8
What is the greatest common factor of 229 and 7328?
229
What is the highest common factor of 45 and 9648?
9
What is the greatest common factor of 9 and 1233?
9
Calculate the highest common divisor of 984 and 7134.
246
Calculate the highest common divisor of 1804 and 41.
41
Calculate the highest common divisor of 3934 and 112.
14
Calculate the greatest common factor of 292 and 657.
73
Calculate the highest common divisor of 2720 and 50.
10
Calculate the greatest common divisor of 129 and 78.
3
Calculate the highest common divisor of 270 and 30.
30
What is the highest common divisor of 19292 and 1113?
371
Calculate the greatest common factor of 322 and 46.
46
Calculate the greatest common divisor of 156 and 2796.
12
Calculate the greatest common divisor of 770 and 28.
14
What is the greatest common divisor of 2331 and 63?
63
Calculate the highest common factor of 574 and 2.
2
What is the highest common divisor of 9 and 45?
9
Calculate the highest common divisor of 50 and 48350.
50
What is the highest common factor of 5920 and 112?
16
Calculate the greatest common divisor of 24 and 51.
3
Calculate the greatest common divisor of 6135 and 6.
3
What is the highest common factor of 1037 and 976?
61
What is the highest common factor of 144 and 648?
72
Calculate the highest common divisor of 84 and 126.
42
What is the highest common factor of 21 and 1029?
21
What is the highest common factor of 26 and 13?
13
Calculate the greatest common factor of 150 and 270.
30
What is the greatest common divisor of 6715 and 425?
85
Calculate the highest common factor of 185 and 20.
5
Calculate the highest common factor of 9 and 36.
9
Calculate the greatest common factor of 7 and 7.
7
Calculate the highest common factor of 5 and 2245.
5
What is the highest common factor of 14 and 147?
7
Calculate the highest common factor of 64 and 27.
1
What is the highest common factor of 15 and 87?
3
Calculate the highest common divisor of 684 and 477.
9
Calculate the highest common factor of 280 and 1792.
56
Calculate the highest common divisor of 28 and 210.
14
What is the greatest common factor of 57 and 95?
19
Calculate the highest common divisor of 1600 and 150.
50
What is the greatest common factor of 2670 and 10?
10
What is the greatest common divisor of 915 and 45?
15
Calculate the greatest common divisor of 450 and 190.
10
What is the greatest common divisor of 831 and 1385?
277
Calculate the highest common factor of 26 and 13.
13
Calculate the highest common divisor of 138 and 230.
46
Calculate the greatest common factor of 292 and 12.
4
Calculate the greatest common factor of 18 and 20934.
18
Calculate the greatest common divisor of 403 and 279.
31
What is the highest common factor of 749 and 535?
107
Calculate the highest common factor of 322 and 3450.
46
What is the highest common factor of 24 and 3048?
24
Calculate the greatest common factor of 64 and 304.
16
Calculate the highest common factor of 1880 and 80.
40
What is the highest common factor of 40 and 180?
20
What is the greatest common divisor of 1067 and 22?
11
What is the highest common factor of 170 and 360?
10
Calculate the greatest common divisor of 98 and 4.
2
Calculate the greatest common divisor of 14 and 2674.
14
Calculate the highest common divisor of 84 and 96.
12
What is the highest common factor of 518 and 1702?
74
What is the greatest common divisor of 399 and 171?
57
What is the greatest common divisor of 836 and 152?
76
Calculate the greatest common divisor of 3270 and 80.
10
Calculate the highest common factor of 49 and 784.
49
Calculate the highest common factor of 38 and 95.
19
Calculate the greatest common divisor of 1864 and 1631.
233
Calculate the greatest common factor of 81 and 3429.
27
What is the highest common factor of 40 and 392?
8
Calculate the highest common divisor of 192 and 13440.
192
Calculate the highest common factor of 6 and 1902.
6
What is the greatest common divisor of 86 and 473?
43
What is the highest common factor of 441 and 693?
63
Calculate the greatest common factor of 96 and 5136.
48
What is the greatest common divisor of 2 and 226?
2
What is the greatest common factor of 2480 and 30?
10
Calculate